 a factor of 330889?
False
Is 68420 a multiple of 24?
False
Does 16 divide 34304?
True
Is 26 a factor of 294970?
True
Is 240 a factor of 1287840?
True
Does 5 divide 7247?
False
Does 296 divide 68376?
True
Is 6 a factor of 80508?
True
Is 228221 a multiple of 13?
False
Is 9477806 a multiple of 1066?
True
Does 22 divide 5152842?
False
Is 24 a factor of 455275?
False
Is 971207 a multiple of 19?
False
Does 10 divide 471920?
True
Is 7480 a multiple of 8?
True
Does 150 divide 68550?
True
Is 182186 a multiple of 19?
False
Is 136 a factor of 387056?
True
Is 46168 a multiple of 4?
True
Is 610590 a multiple of 11?
False
Is 21 a factor of 832432?
False
Does 55 divide 276288?
False
Does 144 divide 370941?
False
Is 49 a factor of 284619?
False
Is 2595 a multiple of 3?
True
Does 16 divide 816160?
True
Does 65 divide 35899?
False
Does 18 divide 260495?
False
Is 1866386 a multiple of 103?
False
Is 121 a factor of 2260159?
True
Is 235620 a multiple of 35?
True
Does 20 divide 574440?
True
Does 110 divide 17389680?
True
Does 145 divide 2898985?
True
Is 138 a factor of 1042809?
False
Does 18 divide 119601?
False
Does 882 divide 390726?
True
Is 318562 a multiple of 298?
True
Is 39 a factor of 193353?
False
Does 4 divide 27048?
True
Is 3163510 a multiple of 7?
True
Is 10605271 a multiple of 42?
False
Is 37 a factor of 210464?
False
Does 10 divide 97251?
False
Is 25 a factor of 2178625?
True
Is 42 a factor of 994477?
False
Does 13 divide 19392009?
True
Is 20886 a multiple of 43?
False
Is 3047110 a multiple of 110?
True
Is 113523 a multiple of 79?
True
Is 249 a factor of 82283?
False
Does 7 divide 42413?
True
Is 77846 a multiple of 22?
False
Is 190550 a multiple of 19?
False
Is 1221350 a multiple of 10?
True
Is 27 a factor of 398277?
True
Is 8337175 a multiple of 1507?
False
Does 621 divide 545228?
False
Does 65 divide 62270?
True
Is 1307102 a multiple of 33?
False
Is 486 a factor of 10773798?
False
Is 15025 a multiple of 5?
True
Is 91875 a multiple of 21?
True
Is 4636155 a multiple of 86?
False
Is 448198 a multiple of 117?
False
Is 802561 a multiple of 29?
False
Does 76 divide 178914?
False
Is 23 a factor of 26045?
False
Is 1480930 a multiple of 9?
False
Is 163485 a multiple of 45?
True
Is 20 a factor of 348758?
False
Is 21199752 a multiple of 28?
True
Does 31 divide 599633?
True
Is 6 a factor of 698562?
True
Is 9 a factor of 1553657?
False
Does 110 divide 82610?
True
Is 32561 a multiple of 3?
False
Is 7588 a multiple of 542?
True
Is 2885400 a multiple of 36?
True
Does 166 divide 100596?
True
Does 147 divide 500094?
True
Is 26424 a multiple of 36?
True
Does 45 divide 217980?
True
Does 25 divide 2031713?
False
Is 631303 a multiple of 14?
False
Does 572 divide 1580436?
True
Does 5 divide 79775?
True
Does 4 divide 13760?
True
Does 43 divide 1566418?
False
Is 245952 a multiple of 7?
True
Is 19 a factor of 660743?
False
Is 316275 a multiple of 33?
False
Does 19 divide 2422044?
True
Is 16 a factor of 3593179?
False
Does 32 divide 676706?
False
Does 5 divide 881468?
False
Is 57 a factor of 6721?
False
Is 4 a factor of 325984?
True
Does 12 divide 8935592?
False
Is 80023 a multiple of 43?
True
Is 351 a factor of 267586?
False
Is 576736 a multiple of 134?
True
Does 65 divide 628402?
False
Does 412 divide 441664?
True
Does 315 divide 1390933?
False
Is 1568419 a multiple of 418?
False
Does 88 divide 1603800?
True
Is 333000 a multiple of 37?
True
Does 51 divide 174624?
True
Does 49 divide 400882?
False
Is 306 a factor of 9229878?
True
Is 178488 a multiple of 39?
False
Is 102080 a multiple of 176?
True
Is 3 a factor of 45880?
False
Is 299788 a multiple of 19?
False
Is 11 a factor of 1875390?
True
Is 52515 a multiple of 15?
True
Is 139083 a multiple of 259?
True
Is 75 a factor of 517687?
False
Is 273599 a multiple of 9?
False
Is 83 a factor of 1032199?
False
Is 30 a factor of 64622?
False
Is 133105 a multiple of 34?
False
Does 19 divide 2486454?
True
Is 38000 a multiple of 76?
True
Is 35003 a multiple of 3?
False
Is 42 a factor of 45953?
False
Is 1418794 a multiple of 223?
False
Is 378680 a multiple of 9?
False
Is 1668490 a multiple of 6?
False
Is 69 a factor of 3459196?
False
Is 9 a factor of 258182?
False
Is 121 a factor of 14928980?
True
Does 499 divide 397690?
False
Does 10 divide 17450?
True
Is 5 a factor of 321366?
False
Is 99 a factor of 136015?
False
Does 33 divide 2693089?
False
Is 12 a factor of 1496484?
True
Is 159 a factor of 68202?
False
Is 2831455 a multiple of 407?
False
Is 30 a factor of 58830?
True
Does 37 divide 366?
False
Does 187 divide 213714?
False
Is 15 a factor of 598770?
True
Is 18 a factor of 1161036?
True
Is 195360 a multiple of 22?
True
Is 28356 a multiple of 18?
False
Does 3 divide 48999?
True
Is 6 a factor of 22668?
True
Is 234503 a multiple of 40?
False
Is 51 a factor of 114648?
True
Does 5 divide 2822975?
True
Is 20815216 a multiple of 18?
False
Is 12 a factor of 245508?
True
Is 49 a factor of 188165?
False
Is 1825884 a multiple of 201?
True
Is 66 a factor of 288895?
False
Is 25 a factor of 70200?
True
Is 128 a factor of 17973?
False
Does 730 divide 361350?
True
Is 30 a factor of 209621?
False
Is 46 a factor of 62446?
False
Does 15 divide 14302300?
False
Does 22 divide 1357488?
True
Is 129537 a multiple of 389?
True
Is 319 a factor of 178959?
True
Is 8830070 a multiple of 886?
False
Is 163647 a multiple of 4?
False
Does 319 divide 704030?
False
Is 215 a factor of 21318970?
True
Is 512 a factor of 97805?
False
Is 307 a factor of 233934?
True
Is 448424 a multiple of 215?
False
Is 15 a factor of 2143560?
True
Does 55 divide 8000383?
False
Is 244530 a multiple of 78?
True
Is 28138 a multiple of 34?
False
Is 5 a factor of 137905?
True
Is 257 a factor of 2800089?
False
Does 756 divide 2263464?
True
Is 5 a factor of 165545?
True
Does 14 divide 5228730?
False
Is 6 a factor of 9986964?
True
Is 30 a factor of 332996?
False
Is 14253339 a multiple of 1252?
False
Is 230 a factor of 404187?
False
Is 12 a factor of 561692?
False
Is 2369412 a multiple of 81?
True
Is 40 a factor of 5430120?
True
Does 8 divide 53416?
True
Is 6537076 a multiple of 24?
False
Is 2383 a factor of 10475668?
True
Is 2154325 a multiple of 17?
True
Is 30 a factor of 509910?
True
Is 39 a factor of 2715894?
False
Does 25 divide 4128?
False
Is 878825 a multiple of 25?
True
Does 14 divide 113324?
False
Is 44 a factor of 1191212?
True
Is 7 a factor of 153776?
True
Does 276 divide 757896?
True
Is 406 a factor of 4159876?
True
Is 56 a factor of 3901520?
True
Does 499 divide 6370093?
False
Does 350 divide 10335150?
True
Is 132 a factor of 116922?
False
Is 2114 a factor of 3663562?
True
Is 25 a factor of 3675800?
True
Does 72 divide 2338900?
False
Is 14 a factor of 2103899?
False
Does 62 divide 276997?
False
Does 5 divide 981740?
True
Does 3 divide 240213?
True
Is 72150 a multiple of 30?
True
Is 53 a factor of 1910049?
False
Does 5 divide 2528614?
False
Is 317 a factor of 43112?
True
Does 283 divide 1432131?
False
Is 1338117 a multiple of 129?
True
Is 38 a factor of 3193015?
False
Does 822 divide 9407790?
True
Is 10583748 a multiple of 1403?
False
Is 26155 a multiple of 39?
False
Is 124 a factor of 1746168?
True
Is 26 a factor of 113412?
True
Is 556414 a multiple of 133?
False
Does 260 divide 355491?
False
Does 15 divide 2317925?
False
Does 36 divide 1052388?
True
Does 4 divide 6323?
False
Is 598410 a multiple of 366?
True
Does 1105 divide 3152565?
True
Is 2 a factor of 159538?
True
Is 5 a factor of 2568510?
True
Is 707628 a multiple of 234?
False
Is 276 a factor of 362797?
False
Is 17324 a multiple of 5?
False
Is 87 a factor of 177306?
True
Does 378 divide 2743557?
False
Does 29 divide 576607?
True
Does 660 divide 10418760?
True
Is 62469 a multiple of 11?
True
Is 678060 a multiple of 9?
True
Is 12 a factor of 2108524?
False
Is 67 a factor of 362135?
True
Does 661 divide 612086?
True
Does 10 divide 1361727?
False
Is 46 a factor of 168452?
True
Does 9 divide 68760?
True
Is 791596 a multiple of 13?
True
Is 139 a factor of 521250?
True
Does 509 divide 2574522?
True
Does 57 divide 183084?
True
Does 169 divide 313517?
False
Does 17 divide 19511784?
True
Is 210 a factor of 95760?
True
Does 50 divide 1042370?
False
Is 61 a factor of 707191?
False
Does 29 divide 18143879?
True
Is 23 a factor of 1651147?
